-2*r. What is the remainder when r is divided by a?
0
Suppose 5*h + 28 = -22. Let y = h + 23. Calculate the remainder when 37 is divided by y.
11
Let v = -5 - -7. Suppose 3*l = -4 + 10. Let d = l + v. What is the remainder when 9 is divided by d?
1
Let n = 65 - 30. Calculate the remainder when n is divided by 9.
8
Suppose -25 = -8*g + 3*g. Suppose g*k + 57 = 6*k. Suppose 0 = 5*j + 21 - 96. Calculate the remainder when k is divided by j.
12
Suppose 7*t - 66 = 5*t. Suppose -5*g - 4*x = t, -6*g + 2*g + 3*x - 45 = 0. Calculate the remainder when 30 is divided by 24/g*-6*1.
14
Suppose u + 17 = q, -4*u = 3*q - 0*q - 86. Calculate the remainder when 43 is divided by q.
21
Suppose -2*i = -3*z - 23, -z = -2*i + 3*z + 26. Let f = 10 - i. Calculate the remainder when 6 is divided by f.
0
Let x = -102 + 169. Calculate the remainder when x is divided by 14.
11
Suppose 108*b = 112*b - 244. Let p(a) = a**2 + 4*a. What is the remainder when b is divided by p(3)?
19
Suppose -3*q + 5*q = 26. Calculate the remainder when 24 is divided by q.
11
Suppose 4*f = f + 6. Suppose -z - 45 = -3*z + t, -f*t = 2*z - 36. What is the remainder when z is divided by 8?
5
Suppose 3*m - 120 = -36. Calculate the remainder when 108 is divided by m.
24
Let f be (1 + -3)/(8/20). Let t be (2*-1 - f)*1. Suppose 3*r + 22 = 5*s, s + 4*r - 12 = -t. What is the remainder when 14 is divided by s?
4
Let j = 108 - 88. Calculate the remainder when 37 is divided by j.
17
Let d(b) = b**2 - 9*b + 7. Let f(t) = t**2 + 2*t - 2. What is the remainder when f(-5) is divided by d(9)?
6
Calculate the remainder when (86/(-4))/((-8)/16) is divided by 23.
20
Suppose 3*m + 5*w - 5 = -0*m, 0 = 5*m + 2*w - 2. Let o(y) be the second derivative of -y**3/6 + 5*y**2 + y. What is the remainder when o(m) is divided by 4?
2
Let i(o) = -o - 2. Calculate the remainder when i(-7) is divided by 4/((-1)/(2 - 3)).
1
Let q = 73 - 58. Suppose 36 + 80 = 4*k. Calculate the remainder when k is divided by q.
14
Suppose 0 = -2*i + 32 + 30. Calculate the remainder when i is divided by (-1)/(((-21)/(-24))/(-7)).
7
Suppose 8*l + 27 = 195. What is the remainder when l is divided by 13?
8
Let o = -61 + 83. What is the remainder when 42 is divided by o?
20
Let k(f) = -f**2 - 3*f + 4. Calculate the remainder when 12 is divided by k(0).
0
Let i be 3/(((-27)/6)/(-3)). Suppose 0 = -i*j - j + 48. Calculate the remainder when 61 is divided by j.
13
Suppose 3*n - 8 = n + 2*i, 0 = 4*i + 8. Suppose 0*u - 26 = -n*u. What is the remainder when 1*(27 - 1) + -1 is divided by u?
12
Suppose 4*r - 15 = r. Let d = r + 1. Suppose 2*g = -g + d. What is the remainder when 2 is divided by g?
0
Let b(i) = 2*i**2 + i - 4. Let u(f) = 2*f - 3 + 2 - 3*f. What is the remainder when b(4) is divided by u(-12)?
10
Let m(a) = a**2 + 3*a - 3. Let y be (-1)/(((-10)/(-8))/(-5)). Suppose -4*t + y = 24. What is the remainder when m(t) is divided by 3?
1
Suppose 2*z = -z + 42. What is the remainder when -8 - -6 - 29*-1 is divided by z?
13
What is the remainder when 48 is divided by ((-6)/(-9))/(12/306)?
14
Suppose 0 = 6*y + 11*y - 187. Let v = 18 + 24. Calculate the remainder when v is divided by y.
9
Let a(m) = -m**3 + 6*m**2 + 4*m - 9. Let l(x) = -5*x**2 - 3*x + 2. Let g be l(2). Let w = 3 - g. Calculate the remainder when w is divided by a(6).
12
Let x be ((-28)/(-10))/((-3)/(-15)). Suppose -x = -u + 3*t, -4*u + 20 = -2*u - 4*t. Calculate the remainder when 7 is divided by u.
1
Let s = 13 - 1. Suppose 4*r - 38 = 5*j, 3*r = -3*j - 0*j - s. Let g = 12 + j. Calculate the remainder when 11 is divided by g.
5
Let d(f) = -f**2 - 7*f - 7. Let r(m) be the first derivative of -3*m**2/2 - 4*m + 2. What is the remainder when r(-4) is divided by d(-5)?
2
Let j be -149 + (-6)/(6/2). Let t be (-2)/6 + (-634)/6. Let r = t - j. What is the remainder when r is divided by 12?
9
Let u be ((-12)/30)/(2/(-10)). Suppose -2*g + u = 20. Let s = g + 21. What is the remainder when 35 is divided by s?
11
Let w = 98 + -56. What is the remainder when w is divided by 11?
9
What is the remainder when (-414)/(-8) + 1/(1*4) is divided by 28?
24
Suppose -73 = -5*o + 92. Calculate the remainder when o is divided by 12.
9
Calculate the remainder when 22 is divided by (3/(-6))/((-1)/16).
6
Suppose -1146 = -17*v + 282. Calculate the remainder when v is divided by 22.
18
Let k = 11 + -9. What is the remainder when -2*k/4 + 6 is divided by 5?
0
Suppose l - 7 = 8. Let i = -11 + l. Let o = -26 + 29. What is the remainder when i is divided by o?
1
Suppose 0*h - 36 = h. Calculate the remainder when 9 is divided by (h/9)/(0 - 1).
1
Suppose 7*i = 3*i + 32. Let l = 0 + 14. Calculate the remainder when l is divided by i.
6
Let s = 0 - -1. Let p be (-6)/4*-2*1. Let z = p + -2. What is the remainder when z is divided by s?
0
Suppose -4*x - 547 = -3*o, 6*o - 403 = 4*o - 5*x. Calculate the remainder when o is divided by 32.
29
Let f = -17 - -40. Let j = -144 + 157. Calculate the remainder when f is divided by j.
10
Let q(d) = d**3 + 5*d**2 - d + 5. Suppose 0 = 5*j - 5 - 65. Calculate the remainder when q(-4) is divided by j.
11
Let k = 22 - 4. Let u(w) = 8*w + 3. What is the remainder when u(6) is divided by k?
15
Suppose -5*b + 360 = -4*x, -3*b + 3*x + 72 = -2*b. Suppose 8*o - 3*o = -z + 69, -z = 4*o - b. Calculate the remainder when z is divided by 29.
26
Suppose -56 + 11 = -5*w. Calculate the remainder when 67/2 + 21/14 is divided by w.
8
Suppose 19*h - 14*h = 130. Calculate the remainder when 76 is divided by h.
24
Suppose -f - y - y = -53, -3*y = 5*f - 230. Suppose 5*v = 17 + f. What is the remainder when (7/(-2))/(3/(-30)) is divided by v?
11
Let v(g) = g - 1. Suppose 0 = -3*j + 4*m + 67, -2*m + 19 = -0*j + j. Suppose 0 = 3*r - 6*r + j. What is the remainder when r is divided by v(5)?
3
Suppose 2*r - 4*q = 5*r - 81, -15 = -5*q. Let v = r + -13. What is the remainder when 28 is divided by v?
8
Let l(p) = 8*p - 3. Let v be l(-5). What is the remainder when v/(-5) - (-4)/10 is divided by 6?
3
Let y be 2/(-6)*-3*4. Suppose 2*w = c - 25, y*c = -2*w + 3*c - 31. Calculate the remainder when 46 is divided by (-4)/w + 330/21.
14
Suppose -3*d = -4*d + 18. Calculate the remainder when d is divided by 5.
3
Let k be ((-2)/4)/((-10)/1800). Suppose 4*z - 155 = -3*o, -3*z - k = -5*o + 178. Calculate the remainder when o is divided by 26 + (1/1 - 0).
26
Let z be 0/(4*(-1)/(-2)). Let r = -1 - z. What is the remainder when (-2)/(r + -1)*11 is divided by 6?
5
Suppose -x + 5*t - 4 = 1, -2*x - 2*t = -2. Let j(r) = r**3 - r**2 + 19. What is the remainder when 74 is divided by j(x)?
17
Suppose 10*i - 224 = 6. Calculate the remainder when 62 is divided by i.
16
Let x(u) = u**3 + u**2 - 4*u + 7. What is the remainder when 76 is divided by x(2)?
10
Let r(d) = d**2 + 3*d - 3. Let a be r(-3). Let i(l) = -l**3 - 5*l**2 + 7*l + 8. What is the remainder when i(-6) is divided by a*(2 + 8/(-3))?
0
Suppose -v - 5*r = 62, -175 = 5*v - 4*r + 2*r. Let s = 53 + v. What is the remainder when 31 is divided by s?
15
Let j = 156 - 57. Suppose j = 5*p - 86. Calculate the remainder when p is divided by 13.
11
Suppose -10 - 32 = -2*a. Calculate the remainder when 78 is divided by a.
15
Suppose 4*a = 4*g + 12, -3*g - 7 - 4 = -4*a. Let p(i) = 70*i**2 - 2*i - 1. What is the remainder when p(g) is divided by 24?
23
Let s(i) = i**2 - i - 4. Calculate the remainder when (2 - 1)/(1/51) is divided by s(-5).
25
Let q(m) = -7*m**2 - 13*m - 12. Let g(x) = -6*x**2 - 12*x - 11. Let j(t) = -6*g(t) + 5*q(t). What is the remainder when 10 is divided by j(-7)?
4
Let n be 95/4 + (-1)/(-4). Let h = 61 - n. Let y = -18 + 31. Calculate the remainder when h is divided by y.
11
Suppose -4*i = -39 + 15. What is the remainder when 9 is divided by i?
3
Suppose -5*n + 31 = 3*f + 102, -3*n - 48 = 2*f. Let a be (-18)/f*6/4. Suppose -3*r = -5 - a. Calculate the remainder when r is divided by 1.
0
Suppose -2*n + 365 = 8*x - 3*x, 2*x + 4*n = 162. What is the remainder when x is divided by 25?
21
Let c(f) = f**3 + f**2 + 33. What is the remainder when c(0) is divided by 9?
6
Suppose -5*l = 4*x + 41, l + l = 5*x + 43. Let t = x + -1. Let u = 32 + t. What is the remainder when 64 is divided by u?
20
Let j(f) = f**3 + 8*f**2 - 4*f + 10. Let d = -17 + 9. What is the remainder when j(d) is 